t is the remainder when 32 is divided by p?
10
Let k(h) = -h**2 + 13*h - 9. Calculate the remainder when 81 is divided by k(10).
18
Let h(g) = -g**2 + 7*g + 12. Suppose 0 = 2*m - 7*m + 30. What is the remainder when h(m) is divided by 7?
4
Suppose -8 = -2*n + 14. Let l(z) = z**2 - 5*z. Calculate the remainder when n is divided by l(6).
5
Calculate the remainder when 5 + -8 - (-1 - 25) is divided by 5.
3
Suppose -n = 3*l - 6*n - 127, -5*n - 161 = -4*l. What is the remainder when 66 is divided by l?
32
Let y(d) = -d**2 + 8*d + 5. What is the remainder when y(7) is divided by 7?
5
Suppose -5*t + 15 + 0 = 0. Calculate the remainder when 39 is divided by (50/(-15))/((-1)/t).
9
Suppose 4*t = 2 - 6. Calculate the remainder when 9 + (3 - 5) + 3 is divided by 4 + (2 - 1) + t.
2
Suppose 5*a = z - 29, 3*z + 4*a = a + 15. Calculate the remainder when z is divided by 3.
0
Let k = 12 + -9. Calculate the remainder when 0/(-3) - 4*-1 is divided by k.
1
Suppose -4*s = -0*s. Let g = s - -7. What is the remainder when 20 is divided by g?
6
Let y(b) = b**3 + 4*b**2 - 3*b + 2. Suppose 8 = -2*d, -g + 8*d - 5*d + 66 = 0. What is the remainder when g is divided by y(-4)?
12
Suppose f - 337 = -q - 4*q, 0 = -3*q + 4*f + 216. What is the remainder when q is divided by 14?
12
Suppose 5*s + 19 = -2*b, 2*b - s = -1 - 12. Let q = b + 7. Calculate the remainder when (-4 + q)*74/(-8) is divided by 13.
11
Let d = -45 + 85. Let w = 55 - 24. Let p = w - 17. What is the remainder when d is divided by p?
12
Let r(h) = -h + 15. Let d be r(8). Let b(g) = g**2 - 6*g - 5. Let y be b(d). Suppose -p = -y*p + 15. What is the remainder when 43 is divided by p?
13
Suppose -4*y = 3*c + 17, 0 = c - 5*c + y + 9. Let o = 7 + -5. Suppose 3*l = -h - l - 18, h + 8 = -o*l. Calculate the remainder when h is divided by c.
0
Let k(g) = g**2 - 6*g - 11. Let v be k(8). Suppose -5*c + n + 52 = -0*c, -v*c - 3*n = -44. Calculate the remainder when 24/16 + (-55)/(-2) is divided by c.
9
Let r = 4 + -2. Suppose 0 = -r*t - 3*t + 120. What is the remainder when 25/5*t/10 is divided by 7?
5
Let g(k) = -6*k - 8. Let f(i) = -i**2 + 4*i + 6. Let l be f(6). Let r(n) = 2*n**2 - 2*n - 2. What is the remainder when g(l) is divided by r(-2)?
8
Let r = -63 - -158. Suppose 9*x - 14*x = -r. Let f = 8 - 1. Calculate the remainder when x is divided by f.
5
Suppose -2*c = -q + 11, -5*q + 5*c = -7*q - 5. Suppose 4*n + n = 0, 3*d = 3*n + 9. Let p = q - d. Calculate the remainder when p is divided by 2.
0
Let s(d) = 17*d**3 + 3*d**2 - 1. Calculate the remainder when 56 is divided by s(1).
18
Calculate the remainder when (-1)/((-4)/132) - -1 is divided by 9.
7
Let f be -21*-2*(-28)/(-6). Suppose 0 = -0*q - 4*q + f. What is the remainder when q is divided by ((-51)/6)/((-2)/4)?
15
Let g = -3 - -5. Suppose -187 - 107 = -g*w. Suppose 4*m - w = v, 6*v = 4*v + 2. What is the remainder when m is divided by 19?
18
Suppose -4*g + 0*g + 12 = 0. Let p = 6 + -4. What is the remainder when (p/4*14)/1 is divided by g?
1
Calculate the remainder when 1/(-2) + 2431/22 is divided by 28.
26
Let v(r) = -2*r**2 - 16*r + 1. What is the remainder when v(-7) is divided by 7?
1
Let o(v) = v**3 + 7*v**2 + v + 5. Let a be o(-7). Let r = 3 - a. Calculate the remainder when 19 is divided by r.
4
What is the remainder when 91 is divided by 2*-1*69/(-6)?
22
Let p be (-215)/(-45) - 4/(-18). What is the remainder when p*(-3)/((-15)/46) is divided by 16?
14
Suppose -10*n + 207 = 13*n. Suppose -2 = -f + 2. Suppose 62 = 2*j + m - f*m, -5*m = 4*j - 80. What is the remainder when j is divided by n?
7
Suppose 4*n + n - 110 = 0. Calculate the remainder when 42 is divided by n.
20
Let y(s) = 11*s**2 - 1. What is the remainder when 28 is divided by y(-1)?
8
Let v = -14 + 23. Suppose 57 - v = 3*y. Let l = -11 - -56. What is the remainder when l is divided by y?
13
Calculate the remainder when 79 is divided by (3/1 - 0)/(1/9).
25
Let y = 75 - 67. Calculate the remainder when y is divided by 6.
2
Let f = -10 - -13. Suppose 4*y + 109 = f*t, 0*t + 2*y = 2*t - 72. What is the remainder when t is divided by 19?
16
Suppose 22*u = 20*u + 10. Calculate the remainder when 14 is divided by u.
4
Let j = -10 + 16. Suppose 0*y - j = -3*y. Let v = -13 - -16. Calculate the remainder when v is divided by y.
1
Let i = 17 + -5. Suppose k + 0*k - 45 = 0. What is the remainder when k is divided by i?
9
Suppose -2*y = -4*c - 28, y + y = -c + 3. Calculate the remainder when 6 is divided by y.
2
Suppose -3*c - 5 = 5*u, 0*c + 5 = 5*u + c. Suppose g + 3*h = 14, -u*h = 2*h. What is the remainder when 41 is divided by g?
13
Let c = -46 + 83. Let s(b) = 12*b**3 + 1. Calculate the remainder when c is divided by s(1).
11
Let s be (-16)/6*(-21)/14. Suppose 4*l = s + 20. Calculate the remainder when 22 is divided by l.
4
Suppose -2*k - 12 = -6*k. Suppose -6 = -k*t + 6. Suppose v + 3*g = 2, 3*v + 5*g - 8 + 2 = 0. Calculate the remainder when t is divided by v.
0
Let m be (-7)/(-42) - 7/6. Let z(k) = 43*k - 1. Let o be z(m). Calculate the remainder when 2/11 - 1488/o is divided by 12.
10
Let n = -8 + 10. Suppose 42 = b + n*b. Suppose 4*h - 18 = -2*f, -2*h + f + 7 + 0 = 0. What is the remainder when b is divided by h?
2
Let m = -199 + 205. Suppose 0 = 4*u + 8 - 76. Suppose a + u = 2*a. What is the remainder when a is divided by m?
5
Let c be (-297 + 6)*2/(-6). Suppose -3*w + c + 29 = 0. Calculate the remainder when w is divided by 22.
20
Let i = 17 - 13. Suppose 0 = -5*p - 5*l + 25, 2*p = 7*p - 2*l - i. What is the remainder when p is divided by 1 + (2*-1)/(-2)?
0
Suppose 3*d = 2*j - 3*j - 81, -j = 5*d + 137. Let c = d + 47. What is the remainder when c is divided by 5?
4
Let n be 5/(10/(-6)) + 7. Suppose 2*a - 16 = -n*x, 47 = -2*a + 6*a + 3*x. Calculate the remainder when 27 is divided by a.
13
Let z(q) be the third derivative of q**5/12 - q**4/6 - q**3/6 - q**2. Calculate the remainder when z(3) is divided by 11.
10
Suppose 0 = -0*g + g - 22. Calculate the remainder when 41 is divided by g.
19
Let x(r) = -r**3 + 6*r**2 + 3*r - 6. Let c(m) = m**3 - 14*m**2 + 14*m - 1. Let w be c(13). Let k = w + 9. Calculate the remainder when k is divided by x(6).
9
Suppose -4*f = -3*f - 1. Suppose 3*l - 36 = -l. What is the remainder when l is divided by ((-1)/3)/(f/(-15))?
4
Let f(y) = -y**2 + 8*y - 5. Let c be (4/(-12))/((-1)/18). Let p be f(c). Let k = p + 0. Calculate the remainder when 25 is divided by k.
4
Let v(j) = 17*j**2 + j + 1. Let i be v(-1). What is the remainder when i + 0/((-4)/(-2)) is divided by 5?
2
Let x = 12 + -3. Let g(v) = 6*v + 10. Let o be g(5). Calculate the remainder when o*(15/(-25) + 1) is divided by x.
7
Let y(v) = v**3 - 5*v + 1. What is the remainder when 76 is divided by y(3)?
11
Suppose -2*d - 34 = -4*d. Let y = 249 - 150. Let u = -49 + y. Calculate the remainder when u is divided by d.
16
Let c be 4/4 + 13*-1. Calculate the remainder when c/42 - 457/(-7) is divided by 22.
21
Let v be 6 - (-1 - 3/(-3)). Let j be 2*(1 + (-15)/v). Let n(g) = -g. What is the remainder when 4 is divided by n(j)?
1
Let d(h) = -h + 32. Calculate the remainder when 34 - -3*3/(-9) is divided by d(15).
16
What is the remainder when 17 is divided by (-4)/14 - 352/(-56)?
5
Suppose 0 = -4*a - 5*f + 220, -2*a = a - 5*f - 165. Calculate the remainder when a is divided by 28.
27
Suppose -2*l - l = -21. Let g = -1 - -13. Calculate the remainder when g is divided by l.
5
Let q(d) = 3*d + 6. Let j be q(8). Suppose h = p - 8, 5*h = p - 11 - 9. What is the remainder when j/4 - 2/(-4) is divided by p?
3
Let a(s) = -s**3 - 10*s**2 - 11*s - 4. Let t be -10*14/(-4) - -2. Let r = t + -11. What is the remainder when r is divided by a(-9)?
12
Let f(b) = b**3 + 3*b**2 + 2*b - 1. Let g be f(-2). Let w be 6 - (0 - 2/g). What is the remainder when (-2)/w + 189/6 is divided by 17?
14
Suppose 0 = 3*f - f - 62. Suppose 2*j - 12 = -j. Suppose r = j, 86 - 26 = 4*w + 4*r. Calculate the remainder when f is divided by w.
9
Suppose -11 = -6*d - 5. Let o(f) be the first derivative of 13*f**2/2 + 1. Calculate the remainder when o(d) is divided by 5.
3
Suppose -2*q - 21 = 103. Let f = -19 - q. What is the remainder when f is divided by 15?
13
Let b(p) = 2*p - 12. Let c(s) = -4*s + 24. Let l(t) = -7*b(t) - 4*c(t). Calculate the remainder wh